.
-9
Let w(j) = -j**3 + 3*j**2 - 2*j - 4. Calculate w(4).
-28
Let n(j) = 3*j**3 - 4*j - 8. What is n(-3)?
-77
Let g(k) = 76*k - 143. What is g(2)?
9
Let y(u) = 6*u + 7. Give y(-5).
-23
Let a(t) = t**3 - 38*t**2 + 37*t - 9. Calculate a(37).
-9
Let m(i) = -2*i**3 - 15*i**2 + 2*i - 4. Calculate m(-8).
44
Let o(a) = a**3 - a. What is o(2)?
6
Let d(x) = -3*x + 20. Calculate d(10).
-10
Let j(n) = n**3 + 5*n**2 - 4*n + 2. Calculate j(-3).
32
Let x(r) = r - 7. Determine x(19).
12
Let p(h) = 2*h**3 + 14*h**2 + h + 2. What is p(-7)?
-5
Let z(m) = -m**3 - 9*m**2 + 17*m - 23. Give z(-11).
32
Let m(t) = -t**3 + 12*t**2 - 3*t + 34. Determine m(12).
-2
Let v(p) = -2*p**3 + 24*p**2 + p - 8. Give v(12).
4
Let h(x) = x**3 - 31*x**2 - 62*x - 141. What is h(33)?
-9
Let c(h) = -h**2 + 5*h - 8. What is c(4)?
-4
Let f(t) = -t**2 + 6*t - 7. Determine f(2).
1
Let n(d) = d**2 - 9*d - 5. Determine n(9).
-5
Let p(f) = 6*f + 48. What is p(-9)?
-6
Let v(o) = -4*o + 7. Determine v(6).
-17
Let d(f) = f**3 + 12*f**2 + f - 8. Give d(-12).
-20
Let i(r) = -r**3 - 11*r**2 + 63*r + 47. What is i(-15)?
2
Let c(v) = -2*v**2 - 24*v - 3. Give c(-12).
-3
Let m(k) = -k**3 - 9*k**2 - 6*k - 2. Calculate m(-8).
-18
Let h(t) = -t**3 + 5*t**2 + 3*t - 5. Give h(5).
10
Let m(j) = -j**2 - 29*j - 94. Give m(-4).
6
Let r(a) = -a**3 + 3*a**2 + 10*a + 12. Determine r(-2).
12
Let c(x) = -2*x**2 + 6*x + 13. Calculate c(7).
-43
Let g(h) = -h**2 - 7*h - 7. What is g(-3)?
5
Let t(g) = -53*g**2 + 2. Calculate t(-1).
-51
Let v(g) = 7*g - 32. Determine v(-4).
-60
Let b(l) = -4*l + 23. Determine b(3).
11
Let j(g) = -4*g - 6. Determine j(4).
-22
Let z(q) = -q**2 - 15*q + 10. Give z(-10).
60
Let v(p) = -p**2 + 13*p - 3. Determine v(11).
19
Let n(h) = 2*h**2 - 4*h - 2. Give n(4).
14
Let v(u) = -u**2 + 8*u + 7. What is v(7)?
14
Let g(w) = -w - 28. Determine g(-33).
5
Let i(w) = -w**3 + 3*w**2 - 4. Determine i(0).
-4
Let u(g) = 6*g**3 - 6*g**2 - 7*g - 1. Determine u(-1).
-6
Let q(r) = -8*r + 4. What is q(-2)?
20
Let k(f) = -f**2 - 4*f - 8. What is k(-3)?
-5
Let g(v) = v**3 + 3*v**2 - 2*v + 2. Give g(-3).
8
Let i(o) = -2*o**2 - 5*o - 6. Give i(-5).
-31
Let p(v) = 3*v + 5. Calculate p(-9).
-22
Let s(q) = -13*q - 3. Determine s(-5).
62
Let d(t) = -t - 17. Give d(3).
-20
Let u(l) = 6*l - 172. Give u(28).
-4
Let y(c) = -2*c - 63. Determine y(-27).
-9
Let p(l) = -l**3 - l**2 + 4*l - 17. Determine p(-4).
15
Let x(k) = k**3 + k - 2. Give x(0).
-2
Let a(u) = -9*u - 74. What is a(-7)?
-11
Let a(n) = -n**2 - 4*n. Give a(-5).
-5
Let c(v) = -2*v**2 + 7*v + 32. What is c(6)?
2
Let p(y) = -2*y**2 + 18*y - 45. Determine p(14).
-185
Let q(r) = 8*r**3 + r**2 - 1. Give q(-1).
-8
Let g(o) = o**3 - 4*o**2 - 12*o + 1. Determine g(6).
1
Let p(b) = -5*b - 50. Determine p(-16).
30
Let s(i) = -i**2 - 16*i + 50. Determine s(-19).
-7
Let m(x) = 15*x + 79. Determine m(-5).
4
Let b(j) = -14*j**2 - 2*j + 1. What is b(2)?
-59
Let o(l) = -3*l**3 - 15*l**2 + 3*l + 13. Calculate o(-5).
-2
Let o(q) = -q**3 - 4*q**2 - 20*q - 53. Give o(-4).
27
Let h(w) = w**2 - 13*w + 4. Calculate h(13).
4
Let v(b) = b**3 - 13*b**2 - 6. Calculate v(13).
-6
Let y(n) = 2*n**2 + 14*n + 24. Determine y(-3).
0
Let c(i) = -i**2 - 18*i - 40. What is c(-12)?
32
Let s(q) = -3*q - 15. Calculate s(-6).
3
Let x(b) = 23*b**2 + 2*b - 3. Determine x(2).
93
Let q(h) = h**3 - 10*h**2 + 16*h + 2. Calculate q(8).
2
Let f(b) = 3*b**2 + 38*b - 10. Determine f(-13).
3
Let m(p) = p**3 - 11*p**2 + 4*p + 10. What is m(10)?
-50
Let b(f) = f**3 + 20*f**2 + 5*f + 104. Give b(-20).
4
Let q(s) = 47*s - 162. What is q(4)?
26
Let h(n) = n**2 + 4*n - 1. What is h(5)?
44
Let z(l) = -l**2 + 12*l - 32. What is z(8)?
0
Let u(t) = -2*t**3 - t**2 + 3*t - 1. Calculate u(-2).
5
Let l(j) = 7*j - 5. Determine l(-4).
-33
Let a(r) = r**2 - 7*r + 10. Calculate a(8).
18
Let w(y) = y**3 + 25*y**2 - 115*y + 26. Calculate w(-29).
-3
Let b(z) = -z**3 - 9*z**2 - z - 4. Determine b(-8).
-60
Let y(z) = -z**3 - 2*z**2 + 4*z + 5. Determine y(2).
-3
Let i(u) = -12*u. Give i(-3).
36
Let y(b) = b + 2. What is y(-6)?
-4
Let y(n) = -2*n**3 + 2*n**2 - 4*n + 3. What is y(2)?
-13
Let y(l) = 2*l + 4. Calculate y(-10).
-16
Let l(x) = x**2 + x. Determine l(1).
2
Let z(u) = u**2 - 11*u - 41. Give z(15).
19
Let f(i) = i**3 - 4*i**2 - 7*i - 4. Give f(-3).
-46
Let m(y) = -y**3 + 9*y**2. Determine m(9).
0
Let b(h) = h**2 + 2*h - 1. Calculate b(-3).
2
Let j(d) = -d**3 + 23*d**2 + 23*d + 27. Calculate j(24).
3
Let o(i) = -i**2 - 5*i - 1. What is o(1)?
-7
Let g(q) = 3*q**2. Determine g(3).
27
Let f(i) = -2*i. Determine f(0).
0
Let v(f) = f**3 + 27*f**2 - f - 23. Give v(-27).
4
Let q(s) = s**2 + 43*s + 76. Determine q(-42).
34
Let r(z) = z**3 + 6*z**2 - 2*z. Give r(-5).
35
Let s(n) = 37*n - 1919. Determine s(52).
5
Let w(f) = -12*f + 34. What is w(5)?
-26
Let y(w) = w**2 + 7*w + 15. Calculate y(-6).
9
Let l(z) = -z**2 - 21*z + 23. Give l(-22).
1
Let i(z) = z**3 + 25*z**2 + 44*z - 45. Determine i(-23).
1
Let g(d) = -2*d**2 - 2*d - 1. Determine g(3).
-25
Let r(f) = f**2 - 11*f + 24. Calculate r(11).
24
Let r(m) = -37*m + 5. What is r(1)?
-32
Let n(r) = -5*r + 7. Give n(1).
2
Let h(u) = 5*u**2 + 11*u + 16. Calculate h(-2).
14
Let y(n) = 2*n**2 + 2*n + 11. Give y(-5).
51
Let p(c) = -31*c**2 + 3*c + 2. Calculate p(-1).
-32
Let c(b) = 4*b + 43. Calculate c(8).
75
Let p(j) = 8*j + 3. Determine p(6).
51
Let r(t) = -7*t**2 - 4*t. What is r(1)?
-11
Let b(x) = 2*x + 13. Give b(14).
41
Let f(i) = 2*i + 24. Give f(-16).
-8
Let a(j) = -j**3 + 12*j**2 + 28*j + 13. What is a(14)?
13
Let b(f) = -f**2 + 2*f + 42. Calculate b(8).
-6
Let x(w) = -w**3 + 21*w**2 - 21*w + 20. Give x(20).
0
Let i(f) = -f - 6. What is i(4)?
-10
Let r(f) = 9*f - 22. What is r(5)?
23
Let c(a) = a**3 + 22*a**2 - 21*a + 32. Give c(-23).
-14
Let v(u) = -u + 6. Determine v(3).
3
Let s(l) = l**2 - 11*l + 7. Give s(9).
-11
Let x(p) = -2*p**3 - 23*p**2 - 44*p + 17. Give x(-9).
8
Let k(o) = -o**2 - 11*o - 22. What is k(-9)?
-4
Let g(v) = 20*v**2 - 339*v - 39. Give g(17).
-22
Let c(q) = -q**3 + 6*q**2 + 7*q - 6. Give c(5).
54
Let v(i) = -i**2 + 10*i + 15. Calculate v(12).
-9
Let c(z) = 9*z**3 - 9*z + 8. What is c(1)?
8
Let n(h) = h**2 - 7*h - 6. Determine n(7).
-6
Let n(o) = o**3 + 13*o**2 - 19*o + 18. Give n(-14).
88
Let o(r) = r + 1. Give o(-12).
-11
Let r(f) = -f**2 + 4*f. Determine r(3).
3
Let i(a) = 30*a - 179. What is i(6)?
1
Let t(b) = -2*b**3 + 67*b**2 + 37*b - 110. Determine t(34).
-8
Let b(i) = -i**3 + 12*i**2 - 16*i + 20. Determine b(11).
-35
Let r(g) = -g**3 + 10*g**2 - 13*g. Calculate r(9).
-36
Let i(b) = b**3 + 7*b**2 + 3*b - 8. What is i(-7)?
-29
Let j(n) = -2*n**3 + 4*n**2 - n - 1. What is j(4)?
-69
Let f(d) = 11*d + 56. Give f(-6).
-10
Let o(p) = -p**3 + 11*p**2 - 3*p + 26. Give o(11).
-7
Let a(z) = -3*z + 21. What is a(3)?
12
Let h(u) = -u**2 - 22*u - 82. Determine h(-18).
-10
Let h(i) = i**3 + 10*i**2 - 13*i + 7. What is h(-11)?
29
Let o(n) = -n**2 + 15*n + 10. Determine o(8).
66
Let a(y) = y**3 - 4*y**2 - 9. Give a(5).
16
Let k(c) = -c**2 - 2*c + 12. Give k(0).
12
Let c(q) = q**2 - 8*q + 6. Give c(9).
15
Let c(d) = 38*d + 1. What is c(-1)?
-37
Let n(y) = -y + 25. What is n(-14)?
39
Let l(p) = 2*p**2 + p + 3. Determine l(-3).
18
Let n(m) = -m**3 - 6*m**2 + 2*m. What is n(-6)?
-12
Let h(b) = b**2 - 12*b + 6. Calculate h(12).
6
Let g(c) = 2*c**3 - 24*c**2 + c + 2. What is g(12)?
14
Let n(q) = -3*q**2 + q + 2. Calculate n(3).
-22
Let t(a) = -a**3 + 6*a**2 - 2*a + 3. What is t(6)?
-9
Let p(f) = -11*f + 3. Determine p(1).
-8
Let f(t) = -t**2 - 20*t - 32. Give f(-18).
4
Let i(u) = 2*u**3 + 12*u**2 - 3*u - 12. Give i(-6).
6
Let t(f) = -f**3 + 7*f**2 + 2*f + 2. What is t(8)?
-46
Let t(o) = 2*o**2 - 21*o. Give t(8).
-40
Let b(p) = -5*p + 3. Calculate b(4).
-17
Let s(j) = -j. What is s(-4)?
4
Let m(f) = f**2 - 19*f - 84. What is m(23)?
8
Let r(w) = -55*w + 3. What is r(-4)?
223
Let y(d) = -3*d**2 + 17*d - 14. Determine y(5).
-4
Let j(y) = -y**2 - 9*y + 13. Determine j(-10).
3
Let m(k) = k**2 - 12*k + 18. Determine m(8).
-14
Let z(g) = -g**3 - 4*g**2 + 5*g - 2. What is z(-5)?
-2
Let w(i) = 31*i - 3. Give w(2).
59
Let p(s) = 5*s - 118. What is p(21)?
-13
Let o(s) = -3*s**2 - 67*s + 50. Determine o(-23).
4
Let d(v) = 12*v + 97. Determine d(-8).
1
Let c(r) = 8*r**3 - 2*r - 1. Calcu